5). Let k be 3 + (-1)/(-3*(-3)/(-45)). Is ((590/k)/5)/((-5)/p) a composite number?
True
Let w(l) = -29*l - 1. Let j be w(-1). Let c be -1*4*147/j. Is 4 + (-2 - -3 - c) a prime number?
False
Suppose 5*s = -3*b + 1310302, 524120 = -115*s + 117*s + 2*b. Is s a composite number?
True
Let y = 62455 - 40026. Is y prime?
False
Suppose 677305 - 202284 = 30*k - 329609. Is k composite?
False
Let m(c) = 59*c + 16. Let a(u) = 6*u**2 + 4*u + 3. Let r be a(-3). Suppose r + 0 = 5*x. Is m(x) a composite number?
False
Let v be ((-34)/6)/(18/594). Let f be (-3979)/6 + -3 + 1/6. Let d = v - f. Is d a composite number?
False
Is -1 - -1 - 86/(-43) - (-118659 + 0) composite?
False
Let k = -354 + 769. Let q = -231 + 525. Let b = k - q. Is b a composite number?
True
Let f = -221225 - -394834. Is f prime?
False
Let n(c) = -79013*c + 6097. Is n(-12) prime?
True
Suppose -3*t - 19 = -v, t + 3*v = -6 - 17. Let a be ((-65)/20)/((-2)/t). Let c = 1148 + a. Is c prime?
False
Suppose 12*n + 1387247 = -35*n + 6422686. Is n prime?
True
Suppose b + 22 - 26 = 0. Suppose 4*h = -2*f - 2, b*f = 3*h + 2*f - 9. Let a(k) = 1091*k + 12. Is a(h) a prime number?
True
Suppose 0 = 10*w - 21*w + 5775. Suppose 10*c - w = 145. Is c prime?
True
Let z(x) = x - 9. Let p be z(-9). Is -3*((-190590)/p)/(-5) composite?
False
Let a(u) = -3*u**2 + 15*u + 24. Let l be a(-2). Is (1542/l)/(((-14)/114)/7) prime?
False
Let z be 5565 - 15/9*-1*-3. Is z - (-8 - (-13 + -1)) prime?
False
Is (6302892/(-30))/(2/(-8)*(-448)/(-280)) prime?
True
Let s be (12 - 8)/(3*(-4)/(-6)). Let j be (s/9 + (-6)/27)/2. Suppose -5*r + 7190 = -j*r. Is r a composite number?
True
Suppose -2*b - 22*c + 14499 = -27*c, -2*b = -3*c - 14509. Let u = 12504 - b. Is u composite?
True
Is 2/(41/((-374585717)/(-22))) a composite number?
False
Let s(v) = -7*v**2 - 29*v + 77. Let d(r) = -8*r**2 - 30*r + 77. Let k(g) = -3*d(g) + 2*s(g). Is k(12) a composite number?
False
Is (-288)/(-384)*(2 - 21740/(-6)) composite?
False
Suppose 136*q + 4538153 = 159*q. Is q a composite number?
False
Suppose -58*j + 7457882 = 25*j. Is j a composite number?
True
Let i(l) be the second derivative of 5*l**4/12 - 7*l**3/6 + 23*l**2/2 + l. Suppose 0*u - 12*u = -326 + 410. Is i(u) a prime number?
True
Suppose 17*h - 15*h + 339537 = 5*n, -67897 = -n + 3*h. Is n composite?
True
Suppose 24*c + 2029662 = -15*c + 10389351. Is c a prime number?
True
Let s = 115 - 71. Suppose 48*m = s*m + 496. Suppose 3*w = 2*k - 3*k + m, -5*k + 3*w = -638. Is k prime?
True
Let w = 230280 - 142438. Suppose -w = -18*b + 50740. Is b a composite number?
False
Let k = -383 + 212. Let q = -486 - k. Let p = 898 + q. Is p a composite number?
True
Let q = 355 + -145. Let d(g) = -g**3 - 53*g**2 - 61*g - 385. Let y be d(-52). Let n = q - y. Is n a prime number?
True
Suppose 2*s = -14*f + 10*f + 419292, -f + s + 104835 = 0. Is f a prime number?
True
Suppose -5*m - 5*p = -48830, 4*m + m - 48822 = -3*p. Suppose 0 = -4*y + 3*w + 2*w + m, -2*y = -w - 4884. Is y a prime number?
False
Let k(i) = 16*i**3 + 2*i**2 + 7*i - 5. Suppose -5*j + 3*n = 4*n - 26, -j = -3*n - 2. Let h be 20/j + -2 + 2. Is k(h) a composite number?
True
Let m(d) = d + 17*d**2 + 2 + 0 - 9*d. Is m(-5) prime?
True
Suppose -2*n - 4 + 0 = 0. Let v be n*(22/(-4) + 4). Suppose 1762 = v*k - 2549. Is k a prime number?
False
Suppose -s + 5 = 0, v - 17329 = 35*s - 34*s. Let f = v - 1823. Is f prime?
True
Is (637703/26 + (-55)/1430)*(-1)/(-1) a prime number?
True
Let h = 341 - 315. Suppose 5*i = 10, -31 = -4*r + 2*i - 243. Is (-8)/r + 8992/h prime?
False
Let r = -18 + 22. Suppose r*u = u - 0*u. Is (-2)/6 + u + 3200/24 composite?
True
Let w = -169 + 174. Suppose -916 = -3*a + w*l, -l + 0*l - 1534 = -5*a. Is a a prime number?
True
Is 4346140/12*(-123)/(-205) a composite number?
False
Let c(w) = 31*w**2 + 5*w + 187. Is c(18) a composite number?
False
Let d = 1384 + -827. Is d a prime number?
True
Let r(y) = -986*y - 13. Let c be r(3). Let p = c - 280. Let b = -2208 - p. Is b prime?
False
Let f(z) be the second derivative of 347*z**4/6 - z**3/2 + z**2 + 6*z. Let h be f(1). Suppose -2381 = -8*k - h. Is k a prime number?
True
Let m(u) = 1784*u - 1287. Is m(32) composite?
True
Suppose -37*z = -63*z - 49*z + 15545775. Is z a composite number?
True
Let v(i) = -200*i**3 + i**2 - 6*i - 8. Let b be v(-2). Let y = 1291 + b. Is y a prime number?
False
Suppose -5*v + 291 = 3*q, 4 = -4*v + 16. Suppose 7*n + 332 = 4*g + 2*n, q = g + n. Let x = g - 11. Is x a prime number?
False
Let c(g) = 51*g**3 - 11*g**2 - 3*g + 32. Let h(y) = -17*y**3 + 4*y**2 + y - 11. Let w(a) = -4*c(a) - 11*h(a). Is w(-4) prime?
False
Let o = 120 + -114. Suppose -o*x = -5*x. Suppose -4*d + x*d = -2564. Is d prime?
True
Let q be (549184/224)/((-1)/(-7)). Is q/5 - 165/(-275) a prime number?
True
Suppose 2*o + 4*m = 64, -2*m = -0*o + 4*o - 110. Is 13/o*(0 - -46486) a prime number?
False
Let a(x) = x**3 + 6*x**2 - 2*x - 8. Let b be a(-6). Suppose 2*q - 2 = -b*u, 2*q = -0*q + u - 13. Let s(j) = 11*j**2 - 7*j - 3. Is s(q) a prime number?
True
Suppose 2*o + 15036 = 4*q, 0 = -3*q + 4*o - 0*o + 11277. Let v = 7982 - q. Is v a composite number?
True
Suppose b + 0*b = -j + 2098, -5*j + 2*b + 10469 = 0. Let y = 4134 - j. Is y a prime number?
True
Let r(v) = -2*v**3 - 17*v**2 + 16*v + 9. Suppose 2*z + 5 + 23 = 0. Let l be r(z). Suppose 3*m - 2*m - 7758 = -4*c, c - l = -m. Is c a prime number?
False
Let j(b) = -b**3 - 14*b**2 + 3*b + 25. Suppose 0 = -109*i + 111*i + 36. Is j(i) a composite number?
True
Let z = 432472 + -289851. Is z composite?
True
Let r = -19327 + 29068. Suppose 2*h - 26*p - 28 = -25*p, 0 = 5*h + 5*p - 40. Suppose -2991 = -h*f + r. Is f prime?
True
Let s = -1456 - -3247. Suppose -3*x = r + x + 1118, -4*r + 4*x - 4412 = 0. Let v = r + s. Is v a prime number?
False
Let l(g) = 73*g**2 + 3*g + 514. Is l(-15) a prime number?
False
Is (39446 - -2) + 170 + -179 composite?
False
Let u(s) be the third derivative of 31*s**5/30 - 13*s**4/24 + 25*s**3/3 + 9*s**2 - 2*s. Is u(5) prime?
False
Let p(n) = -173*n - 32. Let h(s) = 691*s + 127. Let c(f) = -2*h(f) - 9*p(f). Is c(7) a composite number?
False
Suppose 4*t = 3*o - 26, -124*o + 129*o - 32 = t. Let z(u) = 0 + 3 + 0 - 535*u. Is z(t) composite?
True
Let o = -39 - -587. Suppose -o = -2*r + 1894. Let d = r + -648. Is d a composite number?
True
Is ((-6685765)/10)/((14/35)/(8/(-10))) prime?
True
Let o(s) = -102*s**3 + 3*s**2 - 4*s - 4. Suppose -3*m - 7 = -61. Suppose 14*i + m = -24. Is o(i) a prime number?
True
Suppose 13*w + 3*w = 33*w - 7419497. Is w a composite number?
True
Let c be (2/(-4))/(2/(-12)). Suppose -x - 12 = -10*t + 7*t, -5*x - t = -20. Suppose 2*o = 3*z - 4081, -4*z + x*z = c*o - 1364. Is z prime?
True
Let d(j) = -5963*j - 1291. Is d(-14) a composite number?
True
Let h(g) = 1864*g**3 - 6*g**2 + 12*g + 12. Let w be h(6). Suppose 14*q - w = -3*q. Suppose q - 5671 = 5*o. Is o composite?
True
Suppose 135*l = 140*l. Suppose l = -5*t + 4*z + 6001, 1205 = 5*t - 4*t + 4*z. Is t composite?
False
Is ((-14063)/(-686))/(2/11156) a prime number?
False
Suppose 4*i - 3*m = 40255, 40*m = -2*i + 43*m + 20141. Is i a composite number?
True
Let j(x) = -515*x + 523*x - 85 + 17. Let i be j(16). Let z = i + 99. Is z composite?
True
Is (-15 + -2 - -31) + 528677 prime?
True
Let j(s) = -s**2 - 13*s - 6. Suppose -2*q - 18 = y, 5*q = -2*y - 22 - 18. Let z be j(y). Suppose -238 = -2*g + z. Is g a composite number?
False
Is (278/(-417) - (-2)/3) + 1218289 prime?
False
Let p = -22690 + 34067. Is p prime?
False
Let g be (-294)/(-30) + 3 + 2/10. Suppose -g*x - 3*x + 93968 = 0. Is x composite?
True
Suppose i = 4*i - 2*x - 18, 4*x - 12 = -2*i. Suppose i*j = 4*j - 3*g + 2674, -5*g = -j + 1363. Is j prime?
False
Let g be (-39550)/18 + 3/(54/4). Let d = 7034 - g. Suppose 4*z - 3*j = 7385, 5*z + 2*j - d = 6*j. Is z composite?
False
Suppose -5*y + h + 2338382 = 0, -3*y - 477661 + 1880681 = 4*h. Suppose -y = -45*f + 9*f. Is f composite?
True
Let n(i) = 25*i + 204. Let t be n(-8). Suppose -t*r + 2*c = -7862, 2*c + 1380 = r - 581. Is r a composite number?
True
Suppose 2*o - 6*v - 6619 = -v, 2*o + 4*v - 6574 = 0. Let c = o - 376. Is c composite?
True
Let x = -11105 + 73603. Is x prime?
False
Suppose -2*t = -4*l + 1518, 16*t - 2280 = 19*t - 5*l. Let h = 6488 + t. Is h a composite 